{"id":193,"date":"2025-07-25T12:02:20","date_gmt":"2025-07-25T10:02:20","guid":{"rendered":"http:\/\/slon.elsatnet.cz\/wp11\/?page_id=193"},"modified":"2025-07-25T12:02:20","modified_gmt":"2025-07-25T10:02:20","slug":"okoli","status":"publish","type":"page","link":"http:\/\/slon.elsatnet.cz\/wp11\/index.php\/okoli\/","title":{"rendered":"Okol\u00ed"},"content":{"rendered":"\n<h2 class=\"wp-block-heading\">Okol\u00ed<\/h2>\n\n\n\n<p class=\"has-medium-font-size\"><strong>Restaurace a penzion Nov\u00e1 Hospoda, penziony ji\u017en\u00ed \u010cechy<\/strong><br>Nov\u00e1 Hospoda restaurace a penzion se nach\u00e1z\u00ed 20 km severoz\u00e1padn\u00edm sm\u011brem od \u010cesk\u00fdch Bud\u011bjovic, na okraji Zbudovsk\u00fdch blat. V okol\u00ed je romantick\u00e1 rovinat\u00e1 krajina pln\u00e1 rybn\u00edk\u016f a malebn\u00fdch vesni\u010dek ve stavebn\u00edm slohu Selsk\u00e9 baroko. Ji\u017en\u00edm sm\u011brem se otev\u00edr\u00e1 v\u00fdhled na \u0160umavsk\u00e9 podh\u016f\u0159\u00ed, skupinu Blansk\u00fd les s vrcholem Kle\u0165. Vyu\u017eijte zdej\u0161\u00ed ubytov\u00e1n\u00ed&nbsp;pro kr\u00e1tk\u00e9 proch\u00e1zky a v\u00fdlety na kole. Vezm\u011bte si kola s sebou a nebudete litovat.&nbsp;V nedalek\u00e9 obci je mo\u017en\u00e9 vyu\u017e\u00edt multifunk\u010dn\u00ed h\u0159i\u0161t\u011b (tenisov\u00e9 kurty, basketbal, fotbal&#8230;) a d\u00e1le lukost\u0159elnici u Z\u00e1hork\u016f.<\/p>\n\n\n\n<p class=\"has-medium-font-size\">Lukost\u0159elnice u Z\u00e1hork\u016f (13 minut ch\u016fze) &#8211;&nbsp;<a href=\"http:\/\/www.uzahorku.cz\/\" target=\"_blank\" rel=\"noreferrer noopener\">www.uzahorku.cz<\/a><\/p>\n\n\n\n<p class=\"has-medium-font-size\"><a href=\"https:\/\/vylety.webnode.cz\/\">V\u00fdlety na \u010deskovud\u011bjovicku m\u016f\u017eete naj\u00edt tak\u00e9 t\u0159eba zde.<\/a><\/p>\n","protected":false},"excerpt":{"rendered":"<p>Okol\u00ed Restaurace a penzion Nov\u00e1 Hospoda, penziony ji\u017en\u00ed \u010cechyNov\u00e1 Hospoda restaurace a penzion se nach\u00e1z\u00ed 20 km severoz\u00e1padn\u00edm sm\u011brem od \u010cesk\u00fdch Bud\u011bjovic, na okraji Zbudovsk\u00fdch blat. V okol\u00ed je romantick\u00e1 rovinat\u00e1 krajina pln\u00e1 rybn\u00edk\u016f a malebn\u00fdch vesni\u010dek ve stavebn\u00edm slohu Selsk\u00e9 baroko. Ji\u017en\u00edm sm\u011brem se otev\u00edr\u00e1 v\u00fdhled na \u0160umavsk\u00e9 podh\u016f\u0159\u00ed, skupinu Blansk\u00fd les s vrcholem&hellip;&nbsp;<a href=\"http:\/\/slon.elsatnet.cz\/wp11\/index.php\/okoli\/\" rel=\"bookmark\"><span class=\"screen-reader-text\">Okol\u00ed<\/span><\/a><\/p>\n","protected":false},"author":1,"featured_media":0,"parent":0,"menu_order":0,"comment_status":"closed","ping_status":"closed","template":"","meta":{"neve_meta_sidebar":"","neve_meta_container":"","neve_meta_enable_content_width":"","neve_meta_content_width":0,"neve_meta_title_alignment":"","neve_meta_author_avatar":"","neve_post_elements_order":"","neve_meta_disable_header":"","neve_meta_disable_footer":"","neve_meta_disable_title":"","footnotes":""},"class_list":["post-193","page","type-page","status-publish","hentry"],"_links":{"self":[{"href":"http:\/\/slon.elsatnet.cz\/wp11\/index.php\/wp-json\/wp\/v2\/pages\/193","targetHints":{"allow":["GET"]}}],"collection":[{"href":"http:\/\/slon.elsatnet.cz\/wp11\/index.php\/wp-json\/wp\/v2\/pages"}],"about":[{"href":"http:\/\/slon.elsatnet.cz\/wp11\/index.php\/wp-json\/wp\/v2\/types\/page"}],"author":[{"embeddable":true,"href":"http:\/\/slon.elsatnet.cz\/wp11\/index.php\/wp-json\/wp\/v2\/users\/1"}],"replies":[{"embeddable":true,"href":"http:\/\/slon.elsatnet.cz\/wp11\/index.php\/wp-json\/wp\/v2\/comments?post=193"}],"version-history":[{"count":1,"href":"http:\/\/slon.elsatnet.cz\/wp11\/index.php\/wp-json\/wp\/v2\/pages\/193\/revisions"}],"predecessor-version":[{"id":194,"href":"http:\/\/slon.elsatnet.cz\/wp11\/index.php\/wp-json\/wp\/v2\/pages\/193\/revisions\/194"}],"wp:attachment":[{"href":"http:\/\/slon.elsatnet.cz\/wp11\/index.php\/wp-json\/wp\/v2\/media?parent=193"}],"curies":[{"name":"wp","href":"https:\/\/api.w.org\/{rel}","templated":true}]}}