{"id":11,"date":"2025-07-23T14:38:54","date_gmt":"2025-07-23T12:38:54","guid":{"rendered":"http:\/\/slon.elsatnet.cz\/wp11\/?page_id=11"},"modified":"2025-07-25T12:50:20","modified_gmt":"2025-07-25T10:50:20","slug":"restaurace","status":"publish","type":"page","link":"http:\/\/slon.elsatnet.cz\/wp11\/index.php\/restaurace\/","title":{"rendered":"Restaurace"},"content":{"rendered":"\n<div class=\"wp-block-cover alignfull\" style=\"min-height:320px;aspect-ratio:unset;\"><span aria-hidden=\"true\" class=\"wp-block-cover__background has-nv-site-bg-background-color has-background-dim-100 has-background-dim\"><\/span><div class=\"wp-block-cover__inner-container is-layout-flow wp-block-cover-is-layout-flow\">\n<div class=\"wp-block-group\" style=\"padding-right:var(--wp--preset--spacing--30);padding-left:var(--wp--preset--spacing--30)\"><div class=\"wp-block-group__inner-container is-layout-flow wp-block-group-is-layout-flow\">\n<div class=\"wp-block-columns are-vertically-aligned-center is-layout-flex wp-container-core-columns-is-layout-9d6595d7 wp-block-columns-is-layout-flex\">\n<div class=\"wp-block-column is-vertically-aligned-center is-layout-flow wp-block-column-is-layout-flow\" style=\"flex-basis:70%\">\n<div style=\"height:24px\" aria-hidden=\"true\" class=\"wp-block-spacer\"><\/div>\n\n\n\n<h1 class=\"wp-block-heading has-text-align-left has-neve-text-color-color has-text-color\">Restaurace<\/h1>\n\n\n\n<ul class=\"wp-block-list has-neve-text-color-color has-text-color has-link-color wp-elements-6f7ab8cbdfa917521c36fbcb6adacfaa\">\n<li class=\"has-medium-font-size\">M\u00e1me otev\u0159eno ka\u017ed\u00fd den od 10:30 h\u00a0 do\u00a0 22:00 h.<\/li>\n\n\n\n<li class=\"has-medium-font-size\">Nab\u00edz\u00edme jak dom\u00e1c\u00ed tak mezin\u00e1rodn\u00ed kuchyni.<\/li>\n\n\n\n<li class=\"has-medium-font-size\">M\u00e1me \u0161irokou nab\u00eddku n\u00e1poj\u016f, alkoholick\u00fdch i nealkoholick\u00fdch.<\/li>\n\n\n\n<li class=\"has-medium-font-size\">V restauraci je mo\u017en\u00e9 WiFi p\u0159ipojen\u00ed k Internetu.<\/li>\n\n\n\n<li class=\"has-medium-font-size\">Bezbari\u00e9rov\u00fd p\u0159\u00edstup, parkovi\u0161t\u011b pro 20 osobn\u00edch voz\u016f a jeden autobus.<\/li>\n\n\n\n<li class=\"has-medium-font-size\">Na va\u0161e p\u0159\u00e1n\u00ed uspo\u0159\u00e1d\u00e1me rodinn\u00e9 oslavy, svatby, rauty a pod.<\/li>\n\n\n\n<li class=\"has-medium-font-size\">Restaurace m\u00e1 65 m\u00edst.<\/li>\n<\/ul>\n\n\n\n<p><\/p>\n\n\n\n<p><\/p>\n<\/div>\n\n\n\n<div class=\"wp-block-column is-vertically-aligned-center is-layout-flow wp-block-column-is-layout-flow\" style=\"flex-basis:30%\"><\/div>\n<\/div>\n<\/div><\/div>\n<\/div><\/div>\n\n\n\n<div class=\"wp-block-cover alignfull\" style=\"min-height:600px;aspect-ratio:unset;\"><span aria-hidden=\"true\" class=\"wp-block-cover__background has-nv-site-bg-background-color has-background-dim-100 has-background-dim\"><\/span><div class=\"wp-block-cover__inner-container is-layout-flow wp-block-cover-is-layout-flow\">\n<div class=\"wp-block-group\"><div class=\"wp-block-group__inner-container is-layout-flow wp-block-group-is-layout-flow\">\n<div style=\"height:20px\" aria-hidden=\"true\" class=\"wp-block-spacer\"><\/div>\n\n\n\n<div class=\"wp-block-columns are-vertically-aligned-center is-layout-flex wp-container-core-columns-is-layout-9d6595d7 wp-block-columns-is-layout-flex\">\n<div class=\"wp-block-column is-vertically-aligned-center is-layout-flow wp-block-column-is-layout-flow\" style=\"padding-right:var(--wp--preset--spacing--30);padding-left:var(--wp--preset--spacing--30);flex-basis:50%\">\n<figure class=\"wp-block-image size-full has-custom-border\"><img loading=\"lazy\" decoding=\"async\" width=\"600\" height=\"450\" src=\"http:\/\/slon.elsatnet.cz\/wp11\/wp-content\/uploads\/2025\/07\/hosp2.jpeg\" alt=\"\" class=\"wp-image-97\" style=\"border-radius:24px\" srcset=\"http:\/\/slon.elsatnet.cz\/wp11\/wp-content\/uploads\/2025\/07\/hosp2.jpeg 600w, http:\/\/slon.elsatnet.cz\/wp11\/wp-content\/uploads\/2025\/07\/hosp2-300x225.jpeg 300w\" sizes=\"auto, (max-width: 600px) 100vw, 600px\" \/><\/figure>\n\n\n\n<div style=\"height:24px\" aria-hidden=\"true\" class=\"wp-block-spacer\"><\/div>\n\n\n\n<h3 class=\"wp-block-heading has-text-align-center has-neve-text-color-color has-text-color\">Otev\u0159eno ka\u017ed\u00fd den<\/h3>\n\n\n\n<div style=\"height:40px\" aria-hidden=\"true\" class=\"wp-block-spacer\"><\/div>\n<\/div>\n\n\n\n<div class=\"wp-block-column is-vertically-aligned-center is-layout-flow wp-block-column-is-layout-flow\" style=\"padding-right:var(--wp--preset--spacing--30);padding-left:var(--wp--preset--spacing--30);flex-basis:50%\">\n<figure class=\"wp-block-image size-full has-custom-border\"><img loading=\"lazy\" decoding=\"async\" width=\"600\" height=\"450\" src=\"http:\/\/slon.elsatnet.cz\/wp11\/wp-content\/uploads\/2025\/07\/slunecnik_0.jpg\" alt=\"\" class=\"wp-image-99\" style=\"border-radius:24px\" srcset=\"http:\/\/slon.elsatnet.cz\/wp11\/wp-content\/uploads\/2025\/07\/slunecnik_0.jpg 600w, http:\/\/slon.elsatnet.cz\/wp11\/wp-content\/uploads\/2025\/07\/slunecnik_0-300x225.jpg 300w\" sizes=\"auto, (max-width: 600px) 100vw, 600px\" \/><\/figure>\n\n\n\n<div style=\"height:24px\" aria-hidden=\"true\" class=\"wp-block-spacer\"><\/div>\n\n\n\n<h3 class=\"wp-block-heading has-text-align-center has-neve-text-color-color has-text-color\">Nab\u00edz\u00edme jak dom\u00e1c\u00ed tak mezin\u00e1rodn\u00ed kuchyni.<\/h3>\n\n\n\n<div style=\"height:40px\" aria-hidden=\"true\" class=\"wp-block-spacer\"><\/div>\n<\/div>\n\n\n\n<div class=\"wp-block-column is-vertically-aligned-center is-layout-flow wp-block-column-is-layout-flow\" style=\"padding-right:var(--wp--preset--spacing--30);padding-left:var(--wp--preset--spacing--30);flex-basis:50%\">\n<figure class=\"wp-block-image size-full has-custom-border\"><img loading=\"lazy\" decoding=\"async\" width=\"600\" height=\"450\" src=\"http:\/\/slon.elsatnet.cz\/wp11\/wp-content\/uploads\/2025\/07\/hosp1.jpg\" alt=\"\" class=\"wp-image-94\" style=\"border-radius:24px\" srcset=\"http:\/\/slon.elsatnet.cz\/wp11\/wp-content\/uploads\/2025\/07\/hosp1.jpg 600w, http:\/\/slon.elsatnet.cz\/wp11\/wp-content\/uploads\/2025\/07\/hosp1-300x225.jpg 300w\" sizes=\"auto, (max-width: 600px) 100vw, 600px\" \/><\/figure>\n\n\n\n<div style=\"height:24px\" aria-hidden=\"true\" class=\"wp-block-spacer\"><\/div>\n\n\n\n<h3 class=\"wp-block-heading has-text-align-center has-neve-text-color-color has-text-color\">Bezbari\u00e9rov\u00fd p\u0159\u00edstup<\/h3>\n\n\n\n<div style=\"height:40px\" aria-hidden=\"true\" class=\"wp-block-spacer\"><\/div>\n<\/div>\n<\/div>\n\n\n\n<div style=\"height:40px\" aria-hidden=\"true\" class=\"wp-block-spacer\"><\/div>\n<\/div><\/div>\n<\/div><\/div>\n\n\n\n<p><\/p>\n","protected":false},"excerpt":{"rendered":"","protected":false},"author":1,"featured_media":0,"parent":0,"menu_order":0,"comment_status":"closed","ping_status":"closed","template":"","meta":{"neve_meta_sidebar":"","neve_meta_container":"","neve_meta_enable_content_width":"on","neve_meta_content_width":100,"neve_meta_title_alignment":"","neve_meta_author_avatar":"","neve_post_elements_order":"","neve_meta_disable_header":"","neve_meta_disable_footer":"","neve_meta_disable_title":"on","footnotes":""},"class_list":["post-11","page","type-page","status-publish","hentry"],"_links":{"self":[{"href":"http:\/\/slon.elsatnet.cz\/wp11\/index.php\/wp-json\/wp\/v2\/pages\/11","targetHints":{"allow":["GET"]}}],"collection":[{"href":"http:\/\/slon.elsatnet.cz\/wp11\/index.php\/wp-json\/wp\/v2\/pages"}],"about":[{"href":"http:\/\/slon.elsatnet.cz\/wp11\/index.php\/wp-json\/wp\/v2\/types\/page"}],"author":[{"embeddable":true,"href":"http:\/\/slon.elsatnet.cz\/wp11\/index.php\/wp-json\/wp\/v2\/users\/1"}],"replies":[{"embeddable":true,"href":"http:\/\/slon.elsatnet.cz\/wp11\/index.php\/wp-json\/wp\/v2\/comments?post=11"}],"version-history":[{"count":9,"href":"http:\/\/slon.elsatnet.cz\/wp11\/index.php\/wp-json\/wp\/v2\/pages\/11\/revisions"}],"predecessor-version":[{"id":123,"href":"http:\/\/slon.elsatnet.cz\/wp11\/index.php\/wp-json\/wp\/v2\/pages\/11\/revisions\/123"}],"wp:attachment":[{"href":"http:\/\/slon.elsatnet.cz\/wp11\/index.php\/wp-json\/wp\/v2\/media?parent=11"}],"curies":[{"name":"wp","href":"https:\/\/api.w.org\/{rel}","templated":true}]}}